Let r = -22 - z. Is 9 a factor of r?
False
Let o(i) = i**2 + 3*i + 43. Is o(-9) a multiple of 6?
False
Let j(b) = -b**3 - 27*b**2 - 2*b - 36. Is 4 a factor of j(-27)?
False
Let s = 3 - -1. Suppose -4*t + 30 = -2. Is 54/(t/s)*1 a multiple of 9?
True
Let a(x) = -x**2 + x + 3. Let y be a(0). Suppose -y*b + 174 = 60. Does 12 divide b?
False
Let k = 315 - 69. Let u be k/(-14) - 16/(-28). Let f = u + 31. Is f a multiple of 3?
False
Let g be ((-104)/10 + 2/5)/(-2). Suppose 38 = g*y + 8. Is y a multiple of 3?
True
Suppose 50*r - 47*r = -180. Is ((-5)/2)/(6/r) a multiple of 25?
True
Let s be (-1)/(((-12)/4)/279). Is s/36*86 + 9/(-54) a multiple of 32?
False
Let i = 375 - 143. Does 13 divide i?
False
Let b be -2*135*(-12)/24. Suppose 5*y + b = 2*r, -5*r + 5*y = -15 - 360. Is 10 a factor of r?
True
Let c(s) = s**2 - 1. Let j be c(-2). Let h = j - 12. Is 7*(h - -4)/(-5) a multiple of 3?
False
Let n = 2784 - 1933. Is n a multiple of 10?
False
Let r(g) be the second derivative of -g**5/5 - g**4/12 - g**3/2 - 3*g**2 - 24*g + 2. Is 17 a factor of r(-3)?
True
Let j(u) = u**3 - 11*u**2 + 3. Let t be j(11). Let k be (-45)/10 - t/(-6). Is 8 a factor of (-1 + 2)*k - -36?
True
Suppose -5*a = -2*n + 27, -1 = 8*n - 4*n + a. Let z = 43 - n. Is z a multiple of 16?
False
Let u(w) = 96*w - 672. Is 18 a factor of u(24)?
False
Let k(i) = -4*i**2 + 2*i - 10. Let x be k(3). Let b = x + 45. Does 5 divide b?
True
Suppose 4*l + f = 645, -4*l + 9*l - 810 = -5*f. Does 11 divide l?
False
Does 10 divide 3/(-1) - (-886 + 3)?
True
Let z(w) = 11*w**2 + 28*w - 39. Is z(11) a multiple of 32?
True
Is 11 a factor of (-4)/16 - 133/(-4)?
True
Suppose 0 = 5*d - 10, 0 = 5*t - d - 110 - 58. Is t even?
True
Is 49 a factor of 3*1 - 8/(-16)*736?
False
Let m(g) = g**2 + g + 1. Let k be m(-2). Suppose -3 = -3*t + k. Suppose -t*x - 10 = 0, -4*v + v = -3*x - 84. Does 9 divide v?
False
Suppose 8*q + q - 4473 = 0. Is 31 a factor of q?
False
Suppose -3*n - 567 = -6*n. Let j = -133 + n. Does 15 divide j?
False
Let b(j) = 15*j - 6. Let h(l) = 15*l - 7. Let p(f) = -5*b(f) + 4*h(f). Let i(m) = -m**3 - 7*m**2 - 7*m - 8. Let o be i(-6). Is p(o) a multiple of 12?
False
Suppose 26*o - 16 = 18*o. Suppose -o*q + 4*b + 42 = 0, 4*b - 60 = -5*q + 17. Is q a multiple of 3?
False
Suppose -2*a + 10 = 2*m, -3*m + 0*m - 2*a = -18. Let d be (1/(-2))/(1/(-86)). Is d/3 - m/(-12) a multiple of 8?
False
Let c be 2/2*-6*(-6)/12. Suppose -3*t + 536 = 4*y, 2*t - 259 - 70 = c*y. Does 12 divide t?
False
Let n be 4/(-4)*(-2 - -2). Let q(l) = 1 + n*l - 2*l - l + 6*l. Does 2 divide q(2)?
False
Let q(m) = m**2 + 1. Let s be q(-2). Let b be -2*1/(-5)*s. Does 20 divide -2*(b - (-3 + 37))?
False
Suppose -p + 127 = -2*b, p + p = -4*b - 274. Let d = 110 + b. Is d a multiple of 34?
False
Suppose 4*r - 3*k + k - 1790 = 0, 2*k + 10 = 0. Is 31 a factor of r?
False
Let g be (784/(-2))/2 - 0. Let c(z) = -79*z + 24. Let t be c(2). Let o = t - g. Is 16 a factor of o?
False
Suppose 0 = 5*a - 31 + 6. Suppose 0 = -a*x - 5*y + 40, 2*y + 2 = x + 3. Suppose 83 = 3*z + x*r - 54, 4*r = 4*z - 236. Does 18 divide z?
True
Let i(r) = -2*r**3 + 14*r**2 - 13*r - 1. Let j(w) = -3*w**3 + 15*w**2 - 12*w. Let d(x) = 4*i(x) - 3*j(x). Is d(-12) a multiple of 8?
False
Is 26 a factor of 1317047/327 + 2/(-3)?
False
Suppose -10*y + 6*y = -20. Suppose -p - 3 = 0, -3*p - 545 = -y*i + i. Is 30 a factor of i?
False
Let m = -1 + 4. Suppose -10*b = -6*b + 140. Does 24 divide m/(-5) - 1701/b?
True
Suppose 34*s - 9*s = 100. Suppose 0 = 3*a + 194 - 653. Suppose p = -5*d + 207, -s*d - 9*p = -4*p - a. Is d a multiple of 21?
True
Let y(i) be the third derivative of i**6/120 + 7*i**5/30 - 2*i**4/3 + 12*i**2. Is y(-15) a multiple of 6?
False
Does 7 divide (-10)/85*1 - 21636/(-102)?
False
Let l be (-2)/3*(-3 + -77 + 2). Let o = -4 + l. Is o a multiple of 7?
False
Suppose -2*z - 100 = -m, 0*z + 203 = 2*m - z. Suppose -4*v - 4*t - 22 = -134, 4*v = t + m. Is v a multiple of 13?
True
Let k(d) = -4*d + 45. Is 4 a factor of k(10)?
False
Let p(w) = -2*w**3 - w**2 - 3*w - 1. Let n be p(-1). Suppose i - 146 = -r - r, -n*i - 282 = -4*r. Does 18 divide r?
True
Suppose 0 = 2*j + 4*m - 15 - 69, 0 = 5*m. Does 6 divide j?
True
Let k be (2 - -2) + (-1 - 1). Suppose -3*s + 0*x - k*x + 593 = 0, -2*x - 195 = -s. Let j = s + -118. Does 21 divide j?
False
Let i(k) = 2*k**2 - 5*k - 105. Is i(20) a multiple of 17?
True
Let g be 4818/24 + (-4)/(-16). Suppose -v - 159 = -g. Is v a multiple of 7?
True
Suppose -8*a - 13243 = -25*a. Is 11 a factor of a?
False
Let a = 176 + 985. Is 11 a factor of a?
False
Suppose 15*w - 20790 = -30*w. Does 11 divide w?
True
Let k = 4 - -132. Suppose -3*u = 3*z - 1206, -z + 2*u + 3*u + 426 = 0. Suppose -k = 5*g - z. Does 28 divide g?
False
Suppose 0 = 8*x - 3*x - 2*w - 27, -x + w = -6. Suppose x*v - 100 = -0*v. Is v a multiple of 5?
True
Is 46/(-207) + 3262/18 a multiple of 21?
False
Suppose -4*o = 12 + 8, g + 16 = 4*o. Let m(j) = -j - 18. Let t be m(-11). Let b = t - g. Does 16 divide b?
False
Suppose 6*l + 5*r + 4619 = 8*l, l - 2317 = r. Does 9 divide l?
True
Does 12 divide 531 - (-7 + 1) - -3?
True
Let t(a) = 13*a + 130. Does 63 divide t(36)?
False
Suppose 13*z - 108 = 10*z. Suppose 0 = 5*q - q - z. Is q a multiple of 3?
True
Let p(t) = 2*t**2 + t - 3. Does 25 divide p(-14)?
True
Let q be 3/(-5) + 3968/(-20). Let x = -88 - q. Does 31 divide x?
False
Let n = 351 - -41. Is 8 a factor of n?
True
Let z(j) = -4*j - 26. Suppose 79 = -5*v + f, 0*f - 3*f + 12 = 0. Does 26 divide z(v)?
False
Let o = 76 - 40. Suppose 0 = c - o - 52. Does 11 divide c?
True
Let o(j) = 73*j - 1. Suppose -4*r - 4*g = 0, -g - 2 - 2 = -r. Is o(r) a multiple of 27?
False
Suppose -2*d - 5*d + 833 = 0. Let c = d + -89. Is 8 a factor of c?
False
Let k be -13 - -14 - (-44 - 1). Let d = 101 + k. Is d a multiple of 49?
True
Let o = 141 - 55. Is 43 a factor of o?
True
Let w(v) = 6*v + 5. Let d = 4 + -1. Suppose -3*h - 5*n - 3 + 13 = 0, -d*n = -5*h + 28. Is w(h) a multiple of 21?
False
Let l be (-7)/56 + 910/(-16). Let r = 81 + l. Does 24 divide r?
True
Let n = 1934 - 1303. Is 16 a factor of n?
False
Let f(a) be the first derivative of -a**4/12 + 13*a**3/6 - 6*a**2 + a + 4. Let q(j) be the first derivative of f(j). Does 14 divide q(8)?
True
Let x(b) = 2*b**2 - 6 + 4 + 3 + 3 + 15*b. Is 12 a factor of x(-8)?
True
Let a(w) = 9*w**2 + 203*w - 8. Is a(-24) a multiple of 2?
True
Let j be ((-81)/36)/((-1)/(-4)). Let h = -16 - j. Let l(g) = -5*g + 9. Is l(h) a multiple of 11?
True
Suppose 2*h - h + v = 10, 4 = -4*v. Is 32 a factor of (h + -1)*(-4 + (-40)/(-2))?
True
Let m(h) = 2*h + 3. Let y be m(5). Let g = y + -12. Let q = g - -1. Is q a multiple of 2?
True
Let r(d) = 2*d**3 + d**2 + d + 968. Does 28 divide r(0)?
False
Let o = -760 + 911. Is 23 a factor of o?
False
Let l = 48 - 47. Let x(j) = 123*j - 2. Does 12 divide x(l)?
False
Suppose -120*d = -124*d + 32. Is (d*-12)/(-3) - (-13 - -13) a multiple of 16?
True
Suppose -15*y - 900 = -13*y. Let a = -310 - y. Is a a multiple of 28?
True
Let p(b) = b**3 - 10*b**2 - 12*b - 4. Let l be p(14). Does 11 divide l/(-27)*(-3)/2?
False
Suppose 3*j - 5 = 13. Suppose j*g - 99 - 669 = 0. Does 19 divide g?
False
Let u = 99 - 367. Let k be (-2)/(-3) - u/3. Suppose k = 4*o + o. Does 18 divide o?
True
Suppose 0*m - 5*n = -2*m + 21, -m + 2*n + 9 = 0. Let y be (6/4)/(6/20). Let u = m + y. Is u a multiple of 2?
True
Let d be (-2)/(-8)*4 - -5. Suppose 0*b - d = 3*b, -l - 5*b + 172 = 0. Suppose 96 = 2*j - 5*h, h - 10 - l = -4*j. Does 15 divide j?
False
Suppose -47*j = -182*j + 73440. Is j a multiple of 19?
False
Let q(d) = 21*d**3 + d**2 + 2*d. Let l = -27 + 29. Does 44 divide q(l)?
True
Let p = 16 - 6. Suppose 8 = -p*w + 12*w. Let t = 48 + w. Is 8 a factor of t?
False
Let s(h) = -32*h - 96. Is 4 a factor of s(-9)?
True
Let i(g) be the first derivative of g**3/3 + 9*g**2/2 + g + 4. Let c be i(-9). Let m = c - -29. Is m a multiple of 6?
True
Suppose -5*a + 2*p + 5392 = 0, 4*a + 2*p - 7*p = 4317. Is a a multiple of 16?
False
Let i = -1 + 1. Suppose 5*g - 85 = -4*p - i*p, p = -2*g + 19. Is 12 a factor of p?
False
Does 6 divide -21*(212/(-12) - 5)?
False
Let u = -4 - -7. Let q be u*2/3*2. Suppose -5*r - 4*d = -259, -4*r + 47 = -q*d - 153. Is r a multiple of 17?
True
Let s(b) = -b**3 + 5. Let d be s